{"id":71,"date":"2022-02-12T13:51:31","date_gmt":"2022-02-12T12:51:31","guid":{"rendered":"https:\/\/www.assurances-capei.fr\/?page_id=71"},"modified":"2022-04-20T12:16:45","modified_gmt":"2022-04-20T10:16:45","slug":"professionnels","status":"publish","type":"page","link":"https:\/\/www.assurances-capei.fr\/?page_id=71","title":{"rendered":"professionnels"},"content":{"rendered":"<div data-colibri-id=\"71-c1\" class=\"style-379 style-local-71-c1 position-relative\">\n  <!---->\n  <div data-colibri-component=\"section\" data-colibri-id=\"71-c2\" id=\"features-2\" class=\"h-section h-section-global-spacing d-flex align-items-lg-center align-items-md-center align-items-center style-883 style-local-71-c2 position-relative\">\n    <!---->\n    <!---->\n    <div class=\"h-section-grid-container h-section-boxed-container\">\n      <div data-colibri-id=\"71-c28\" class=\"h-row-container gutters-row-lg-2 gutters-row-md-2 gutters-row-0 gutters-row-v-lg-2 gutters-row-v-md-2 gutters-row-v-2 style-891 style-local-71-c28 position-relative\">\n        <!---->\n        <div class=\"h-row justify-content-lg-center justify-content-md-center justify-content-center align-items-lg-stretch align-items-md-stretch align-items-stretch gutters-col-lg-2 gutters-col-md-2 gutters-col-0 gutters-col-v-lg-2 gutters-col-v-md-2 gutters-col-v-2\">\n          <!---->\n          <div class=\"h-column h-column-container d-flex h-col-lg-auto h-col-md-auto h-col-auto style-892-outer style-local-71-c29-outer\">\n            <div data-colibri-id=\"71-c29\" class=\"d-flex h-flex-basis h-column__inner h-px-lg-2 h-px-md-2 h-px-2 v-inner-lg-2 v-inner-md-2 v-inner-2 style-892 style-local-71-c29 position-relative\">\n              <!---->\n              <!---->\n              <div class=\"w-100 h-y-container h-column__content h-column__v-align flex-basis-100 align-self-lg-start align-self-md-start align-self-start\">\n                <!---->\n                <div data-colibri-id=\"71-c30\" class=\"h-global-transition-all h-heading style-893 style-local-71-c30 position-relative h-element\">\n                  <!---->\n                  <div class=\"h-heading__outer style-893 style-local-71-c30\">\n                    <!---->\n                    <!---->\n                    <h2 class=\"\">Un service complet d\u00e9di\u00e9 \u00e0 votre satisfaction<\/h2>\n                  <\/div>\n                <\/div>\n                <div data-colibri-id=\"71-c31\" class=\"h-lead h-text h-text-component style-894 style-local-71-c31 position-relative h-element\">\n                  <!---->\n                  <!---->\n                  <div class=\"\">\n                    <p>Notre philosophie : trouver les solutions les plus ad\u00e9quates \u00e0 vos besoins existants et futurs car pr\u00e9voir l&rsquo;avenir de votre soci\u00e9t\u00e9 est aussi notre m\u00e9tier.<\/p>\n                  <\/div>\n                <\/div>\n              <\/div>\n            <\/div>\n          <\/div>\n        <\/div>\n      <\/div>\n      <div data-colibri-id=\"71-c3\" class=\"h-row-container gutters-row-lg-2 gutters-row-md-2 gutters-row-2 gutters-row-v-lg-2 gutters-row-v-md-2 gutters-row-v-2 style-884 style-local-71-c3 position-relative\">\n        <!---->\n        <div class=\"h-row justify-content-lg-center justify-content-md-center justify-content-center align-items-lg-stretch align-items-md-stretch align-items-stretch gutters-col-lg-2 gutters-col-md-2 gutters-col-2 gutters-col-v-lg-2 gutters-col-v-md-2 gutters-col-v-2\">\n          <!---->\n          <div class=\"h-column h-column-container d-flex h-col-lg-3 h-col-md-6 h-col-12 style-885-outer style-local-71-c4-outer\">\n            <div data-colibri-id=\"71-c4\" class=\"d-flex h-flex-basis h-column__inner h-px-lg-3 h-px-md-3 h-px-2 v-inner-lg-3 v-inner-md-3 v-inner-2 style-885 style-local-71-c4 position-relative\">\n              <!---->\n              <!---->\n              <div class=\"w-100 h-y-container h-column__content h-column__v-align flex-basis-100 align-self-lg-center align-self-md-center align-self-center\">\n                <!---->\n                <div data-colibri-id=\"71-c5\" class=\"h-icon style-886 style-local-71-c5 position-relative h-element\">\n                  <!----><span class=\"h-svg-icon h-icon__icon style-886-icon style-local-71-c5-icon\"><!--Icon by Font Awesome (https:\/\/fontawesome.com)--><svg version=\"1.1\" xmlns=\"http:\/\/www.w3.org\/2000\/svg\" xmlns:xlink=\"http:\/\/www.w3.org\/1999\/xlink\" id=\"check-square-o\" viewBox=\"0 0 1664 1896.0833\"><path d=\"M1408 930v318q0 119-84.5 203.5T1120 1536H288q-119 0-203.5-84.5T0 1248V416q0-119 84.5-203.5T288 128h832q63 0 117 25 15 7 18 23 3 17-9 29l-49 49q-10 10-23 10-3 0-9-2-23-6-45-6H288q-66 0-113 47t-47 113v832q0 66 47 113t113 47h832q66 0 113-47t47-113V994q0-13 9-22l64-64q10-10 23-10 6 0 12 3 20 8 20 29zm231-489l-814 814q-24 24-57 24t-57-24L281 825q-24-24-24-57t24-57l110-110q24-24 57-24t57 24l263 263 647-647q24-24 57-24t57 24l110 110q24 24 24 57t-24 57z\"><\/path><\/svg><\/span><\/div>\n                <div\n                  data-colibri-id=\"71-c6\" class=\"h-global-transition-all h-heading style-887 style-local-71-c6 position-relative h-element\">\n                  <!---->\n                  <div class=\"h-heading__outer style-887 style-local-71-c6\">\n                    <!---->\n                    <!---->\n                    <h4 class=\"\">focus sur les Assurances obligatoires<\/h4>\n                  <\/div>\n              <\/div>\n              <div data-colibri-id=\"71-c7\" class=\"h-text h-text-component style-888 style-local-71-c7 position-relative h-element\">\n                <!---->\n                <!---->\n                <div class=\"\">\n                  <p>Quels sont les d\u00e9marches \u00e0 effectuer pour s&rsquo;assurer ?<\/p>\n                  <p>Suis-je concern\u00e9 par l&rsquo;obligation d&rsquo;assurer mon activit\u00e9 professionnelle ?<\/p>\n                  <p>Que dois-je assurer ?<\/p>\n                  <p>\n                    <br>\n                  <\/p>\n                <\/div>\n              <\/div>\n              <div data-colibri-id=\"71-c8\" class=\"h-x-container style-889 style-local-71-c8 position-relative h-element\">\n                <!---->\n                <div class=\"h-x-container-inner style-dynamic-71-c8-group style-889-spacing style-local-71-c8-spacing\"><span class=\"h-button__outer style-890-outer style-local-71-c9-outer d-inline-flex h-element\"><a h-use-smooth-scroll=\"true\" href=\"https:\/\/bpifrance-creation.fr\/entrepreneur\/activites-reglementees\"  data-colibri-id=\"71-c9\" class=\"d-flex w-100 align-items-center h-button justify-content-lg-center justify-content-md-center justify-content-center style-890 style-local-71-c9 position-relative\"><!----><!----> <span>Mon activit\u00e9 est-elle concern\u00e9e ?<\/span><\/a>\n                  <\/span>\n                <\/div>\n              <\/div>\n            <\/div>\n          <\/div>\n        <\/div>\n        <div class=\"h-column h-column-container d-flex h-col-lg-3 h-col-md-6 h-col-12 style-885-outer style-local-71-c10-outer\">\n          <div data-colibri-id=\"71-c10\" class=\"d-flex h-flex-basis h-column__inner h-px-lg-3 h-px-md-3 h-px-2 v-inner-lg-3 v-inner-md-3 v-inner-2 style-885 style-local-71-c10 position-relative\">\n            <!---->\n            <!---->\n            <div class=\"w-100 h-y-container h-column__content h-column__v-align flex-basis-100 align-self-lg-center align-self-md-center align-self-center\">\n              <!---->\n              <div data-colibri-id=\"71-c11\" class=\"h-icon style-886 style-local-71-c11 position-relative h-element\">\n                <!----><span class=\"h-svg-icon h-icon__icon style-886-icon style-local-71-c11-icon\"><!--Icon by Font Awesome (https:\/\/fontawesome.com)--><svg version=\"1.1\" xmlns=\"http:\/\/www.w3.org\/2000\/svg\" xmlns:xlink=\"http:\/\/www.w3.org\/1999\/xlink\" id=\"star-o\" viewBox=\"0 0 1664 1896.0833\"><path d=\"M1137 1004l306-297-422-62-189-382-189 382-422 62 306 297-73 421 378-199 377 199zm527-357q0 22-26 48l-363 354 86 500q1 7 1 20 0 50-41 50-19 0-40-12l-449-236-449 236q-22 12-40 12-21 0-31.5-14.5T301 1569q0-6 2-20l86-500L25 695Q0 668 0 647q0-37 56-46l502-73L783 73q19-41 49-41t49 41l225 455 502 73q56 9 56 46z\"><\/path><\/svg><\/span><\/div>\n              <div\n                data-colibri-id=\"71-c12\" class=\"h-global-transition-all h-heading style-887 style-local-71-c12 position-relative h-element\">\n                <!---->\n                <div class=\"h-heading__outer style-887 style-local-71-c12\">\n                  <!---->\n                  <!---->\n                  <h4 class=\"\">service de gestion<\/h4>\n                <\/div>\n            <\/div>\n            <div data-colibri-id=\"71-c13\" class=\"h-text h-text-component style-888 style-local-71-c13 position-relative h-element\">\n              <!---->\n              <!---->\n              <div class=\"\">\n                <p>Demander une \u00e9tude de garanties et de tarif ce n&rsquo;est pas tout. Le reste de la relation de l&rsquo;assureur passe par une longue relation avec son client et il est \u00e0 sa charge d&rsquo;en faire la bonne gestion des contrats propos\u00e9s.<\/p>\n                <p>Chez Capei vous avez un gestionnaire principale de vos assurances et toute une \u00e9quipe en agence et au t\u00e9l\u00e9phone \u00e0 vos c\u00f4t\u00e9s.<\/p>\n                <p>\n                  <br>\n                <\/p>\n              <\/div>\n            <\/div>\n            <div data-colibri-id=\"71-c14\" class=\"h-x-container style-889 style-local-71-c14 position-relative h-element\">\n              <!---->\n              <div class=\"h-x-container-inner style-dynamic-71-c14-group style-889-spacing style-local-71-c14-spacing\"><span class=\"h-button__outer style-890-outer style-local-71-c15-outer d-inline-flex h-element\"><a h-use-smooth-scroll=\"true\" href=\"\"  data-colibri-id=\"71-c15\" class=\"d-flex w-100 align-items-center h-button justify-content-lg-center justify-content-md-center justify-content-center style-890 style-local-71-c15 position-relative\"><!----><!----> <span>Applications<\/span><\/a>\n                <\/span>\n              <\/div>\n            <\/div>\n          <\/div>\n        <\/div>\n      <\/div>\n      <div class=\"h-column h-column-container d-flex h-col-lg-3 h-col-md-6 h-col-12 style-885-outer style-local-71-c16-outer\">\n        <div data-colibri-id=\"71-c16\" class=\"d-flex h-flex-basis h-column__inner h-px-lg-3 h-px-md-3 h-px-2 v-inner-lg-3 v-inner-md-3 v-inner-2 style-885 style-local-71-c16 position-relative\">\n          <!---->\n          <!---->\n          <div class=\"w-100 h-y-container h-column__content h-column__v-align flex-basis-100 align-self-lg-center align-self-md-center align-self-center\">\n            <!---->\n            <div data-colibri-id=\"71-c17\" class=\"h-icon style-886 style-local-71-c17 position-relative h-element\">\n              <!----><span class=\"h-svg-icon h-icon__icon style-886-icon style-local-71-c17-icon\"><!--Icon by Font Awesome (https:\/\/fontawesome.com)--><svg version=\"1.1\" xmlns=\"http:\/\/www.w3.org\/2000\/svg\" xmlns:xlink=\"http:\/\/www.w3.org\/1999\/xlink\" id=\"diamond\" viewBox=\"0 0 2048.0005 1896.0833\"><path d=\"M212 768l623 665-300-665H212zm812 772l349-772H675zM538 640l204-384H480L192 640h346zm675 793l623-665h-323zM683 640h682l-204-384H887zm827 0h346l-288-384h-262zm141-486l384 512q14 18 13 41.5t-17 40.5l-960 1024q-18 20-47 20t-47-20L17 748Q1 731 0 707.5T13 666l384-512q18-26 51-26h1152q33 0 51 26z\"><\/path><\/svg><\/span><\/div>\n            <div\n              data-colibri-id=\"71-c18\" class=\"h-global-transition-all h-heading style-887 style-local-71-c18 position-relative h-element\">\n              <!---->\n              <div class=\"h-heading__outer style-887 style-local-71-c18\">\n                <!---->\n                <!---->\n                <h4 class=\"\">Combien \u00e7a co\u00fbte ?<\/h4>\n              <\/div>\n          <\/div>\n          <div data-colibri-id=\"71-c19\" class=\"h-text h-text-component style-888 style-local-71-c19 position-relative h-element\">\n            <!---->\n            <!---->\n            <div class=\"\">\n              <p>Faites-vous votre propre opinion du co\u00fbt de l&rsquo;assurance gr\u00e2ce \u00e0 nos simulateurs mis \u00e0 votre disposition par nos partenaires.<\/p>\n              <p>Une tarification en moins de 1 minute !<\/p>\n              <p>V\u00e9rifiez vos \u00e9conomies sur votre assurance :<\/p>\n              <p>\n                <br>\n              <\/p>\n            <\/div>\n          <\/div>\n          <div data-colibri-id=\"71-c20\" class=\"h-x-container style-889 style-local-71-c20 position-relative h-element\">\n            <!---->\n            <div class=\"h-x-container-inner style-dynamic-71-c20-group style-889-spacing style-local-71-c20-spacing\"><span class=\"h-button__outer style-890-outer style-local-71-c21-outer d-inline-flex h-element\"><a h-use-smooth-scroll=\"true\" href=\"https:\/\/cecileaschenbrenner.plussimple.fr\/\"  data-colibri-id=\"71-c21\" class=\"d-flex w-100 align-items-center h-button justify-content-lg-center justify-content-md-center justify-content-center style-890 style-local-71-c21 position-relative\"><!----><!----> <span>Je teste<\/span><\/a>\n              <\/span>\n            <\/div>\n          <\/div>\n        <\/div>\n      <\/div>\n    <\/div>\n    <div class=\"h-column h-column-container d-flex h-col-lg-3 h-col-md-6 h-col-12 style-885-outer style-local-71-c22-outer\">\n      <div data-colibri-id=\"71-c22\" class=\"d-flex h-flex-basis h-column__inner h-px-lg-3 h-px-md-3 h-px-2 v-inner-lg-3 v-inner-md-3 v-inner-2 style-885 style-local-71-c22 position-relative\">\n        <!---->\n        <!---->\n        <div class=\"w-100 h-y-container h-column__content h-column__v-align flex-basis-100 align-self-lg-center align-self-md-center align-self-center\">\n          <!---->\n          <div data-colibri-id=\"71-c23\" class=\"h-icon style-886 style-local-71-c23 position-relative h-element\">\n            <!----><span class=\"h-svg-icon h-icon__icon style-886-icon style-local-71-c23-icon\"><!--Icon by Font Awesome (https:\/\/fontawesome.com)--><svg version=\"1.1\" xmlns=\"http:\/\/www.w3.org\/2000\/svg\" xmlns:xlink=\"http:\/\/www.w3.org\/1999\/xlink\" id=\"gears\" viewBox=\"0 0 1920 1896.0833\"><path d=\"M896 896q0-106-75-181t-181-75-181 75-75 181 75 181 181 75 181-75 75-181zm768 512q0-52-38-90t-90-38-90 38-38 90q0 53 37.5 90.5t90.5 37.5 90.5-37.5 37.5-90.5zm0-1024q0-52-38-90t-90-38-90 38-38 90q0 53 37.5 90.5T1536 512t90.5-37.5T1664 384zm-384 421v185q0 10-7 19.5t-16 10.5l-155 24q-11 35-32 76 34 48 90 115 7 11 7 20 0 12-7 19-23 30-82.5 89.5T999 1423q-11 0-21-7l-115-90q-37 19-77 31-11 108-23 155-7 24-30 24H547q-11 0-20-7.5t-10-17.5l-23-153q-34-10-75-31l-118 89q-7 7-20 7-11 0-21-8-144-133-144-160 0-9 7-19 10-14 41-53t47-61q-23-44-35-82l-152-24q-10-1-17-9.5T0 987V802q0-10 7-19.5T23 772l155-24q11-35 32-76-34-48-90-115-7-11-7-20 0-12 7-20 22-30 82-89t79-59q11 0 21 7l115 90q34-18 77-32 11-108 23-154 7-24 30-24h186q11 0 20 7.5t10 17.5l23 153q34 10 75 31l118-89q8-7 20-7 11 0 21 8 144 133 144 160 0 8-7 19-12 16-42 54t-45 60q23 48 34 82l152 23q10 2 17 10.5t7 19.5zm640 533v140q0 16-149 31-12 27-30 52 51 113 51 138 0 4-4 7-122 71-124 71-8 0-46-47t-52-68q-20 2-30 2t-30-2q-14 21-52 68t-46 47q-2 0-124-71-4-3-4-7 0-25 51-138-18-25-30-52-149-15-149-31v-140q0-16 149-31 13-29 30-52-51-113-51-138 0-4 4-7 4-2 35-20t59-34 30-16q8 0 46 46.5t52 67.5q20-2 30-2t30 2q51-71 92-112l6-2q4 0 124 70 4 3 4 7 0 25-51 138 17 23 30 52 149 15 149 31zm0-1024v140q0 16-149 31-12 27-30 52 51 113 51 138 0 4-4 7-122 71-124 71-8 0-46-47t-52-68q-20 2-30 2t-30-2q-14 21-52 68t-46 47q-2 0-124-71-4-3-4-7 0-25 51-138-18-25-30-52-149-15-149-31V314q0-16 149-31 13-29 30-52-51-113-51-138 0-4 4-7 4-2 35-20t59-34 30-16q8 0 46 46.5t52 67.5q20-2 30-2t30 2q51-71 92-112l6-2q4 0 124 70 4 3 4 7 0 25-51 138 17 23 30 52 149 15 149 31z\"><\/path><\/svg><\/span><\/div>\n          <div\n            data-colibri-id=\"71-c24\" class=\"h-global-transition-all h-heading style-887 style-local-71-c24 position-relative h-element\">\n            <!---->\n            <div class=\"h-heading__outer style-887 style-local-71-c24\">\n              <!---->\n              <!---->\n              <h4 class=\"\">\u00e9tude compl\u00e8te de vos besoins<\/h4>\n            <\/div>\n        <\/div>\n        <div data-colibri-id=\"71-c25\" class=\"h-text h-text-component style-888 style-local-71-c25 position-relative h-element\">\n          <!---->\n          <!---->\n          <div class=\"\">\n            <p>Votre entreprise c&rsquo;est aussi la protection du patrimoine du dirigeant. vous avez tout mis en \u0153uvre pour cr\u00e9er et d\u00e9velopper votre soci\u00e9t\u00e9, nous en faisons de m\u00eame pour vous.<\/p>\n          <\/div>\n        <\/div>\n        <div data-colibri-id=\"71-c26\" class=\"h-x-container style-889 style-local-71-c26 position-relative h-element\">\n          <!---->\n          <div class=\"h-x-container-inner style-dynamic-71-c26-group style-889-spacing style-local-71-c26-spacing\"><span class=\"h-button__outer style-890-outer style-local-71-c27-outer d-inline-flex h-element\"><a h-use-smooth-scroll=\"true\" href=\"\"  data-colibri-id=\"71-c27\" class=\"d-flex w-100 align-items-center h-button justify-content-lg-center justify-content-md-center justify-content-center style-890 style-local-71-c27 position-relative\"><!----><!----> <span>Nos solutions<\/span><\/a>\n            <\/span>\n          <\/div>\n        <\/div>\n      <\/div>\n    <\/div>\n  <\/div>\n<\/div>\n<\/div>\n<\/div>\n<\/div>\n<\/div>","protected":false},"excerpt":{"rendered":"<p>Un service complet d\u00e9di\u00e9 \u00e0 votre satisfaction Notre philosophie : trouver les solutions les plus ad\u00e9quates \u00e0 vos besoins existants et futurs car pr\u00e9voir l&rsquo;avenir de votre soci\u00e9t\u00e9 est aussi notre m\u00e9tier. focus sur les Assurances obligatoires Quels sont les d\u00e9marches \u00e0 effectuer pour s&rsquo;assurer ? Suis-je concern\u00e9 par l&rsquo;obligation d&rsquo;assurer mon activit\u00e9 professionnelle ? [&hellip;]<\/p>\n","protected":false},"author":1,"featured_media":0,"parent":0,"menu_order":0,"comment_status":"closed","ping_status":"closed","template":"page-templates\/full-width-page.php","meta":{"footnotes":""},"class_list":["post-71","page","type-page","status-publish","hentry"],"_links":{"self":[{"href":"https:\/\/www.assurances-capei.fr\/index.php?rest_route=\/wp\/v2\/pages\/71","targetHints":{"allow":["GET"]}}],"collection":[{"href":"https:\/\/www.assurances-capei.fr\/index.php?rest_route=\/wp\/v2\/pages"}],"about":[{"href":"https:\/\/www.assurances-capei.fr\/index.php?rest_route=\/wp\/v2\/types\/page"}],"author":[{"embeddable":true,"href":"https:\/\/www.assurances-capei.fr\/index.php?rest_route=\/wp\/v2\/users\/1"}],"replies":[{"embeddable":true,"href":"https:\/\/www.assurances-capei.fr\/index.php?rest_route=%2Fwp%2Fv2%2Fcomments&post=71"}],"version-history":[{"count":0,"href":"https:\/\/www.assurances-capei.fr\/index.php?rest_route=\/wp\/v2\/pages\/71\/revisions"}],"wp:attachment":[{"href":"https:\/\/www.assurances-capei.fr\/index.php?rest_route=%2Fwp%2Fv2%2Fmedia&parent=71"}],"curies":[{"name":"wp","href":"https:\/\/api.w.org\/{rel}","templated":true}]}}